 g be h(-3). Let r(i) = -i**2 + 26*i - 42. Let a be r(18). What are the prime factors of a*1/3*(-1 + g)?
2, 3, 17
List the prime factors of -5 + 91/21 - (3 + (-5117)/21).
2, 3, 5
Let c(g) = 1232*g**2 + g - 2. Let l be c(-1). Let m = 3036 - l. List the prime factors of m.
13, 139
Let t be 9/54 + 202/12. Let l be (-13)/(-52) - (t/4)/1. Let u(c) = -c**3 - 2*c**2 + 4. List the prime factors of u(l).
2, 3
Suppose -862*n + 850*n + 143832 = 0. What are the prime factors of n?
2, 13, 461
What are the prime factors of 159596/30 - ((-392)/210)/14?
2, 5, 7, 19
Suppose m - 5*o + 27 = 0, 2*m + 1 = o - 8. Let x be m/(-9) + 1856/72. List the prime factors of ((-111)/9)/(x/(-24) - -1).
2, 37
Suppose 5*n - 10 + 0 = 0. Let c be 1/(-5 + (-246)/(-48)). Suppose c = n*h - 92. What are the prime factors of h?
2, 5
Suppose 10*m - 290 - 10 = 0. Let o(z) = z + 53. What are the prime factors of o(m)?
83
Let c(t) = -241*t - 190. Let n be c(-1). Suppose 0*g = 4*g - 16. Suppose 0*w - 40 = -g*w - 4*z, n = 5*w + 4*z. List the prime factors of w.
11
Let i = 12799 + -8155. What are the prime factors of i?
2, 3, 43
Suppose 82*r = 79*r + 24. What are the prime factors of ((-60)/r)/(-1 + (-99)/(-102))?
3, 5, 17
Let p(d) = -d**2 - 18*d - 52. Let g be p(-17). Let q = -18 - g. List the prime factors of q.
17
Suppose 1292720 = 856*i - 746*i. List the prime factors of i.
2, 13, 113
Let c be 1873/3 + (5 - (-19)/(-3)). Let s = c - -145. List the prime factors of s.
2, 3
Suppose -95 + 15 = -5*n. Suppose -21*j = -n*j - 2735. List the prime factors of j.
547
Let f be ((9676/(-3))/2)/((-10)/15). Let z = -1637 + f. What are the prime factors of z?
2, 17, 23
Let x be -1 + 2 - (-32 + 2 + -1). Let q(r) = -r**2 + 37*r + 47. List the prime factors of q(x).
3, 23
Let c = 19390 + -6367. List the prime factors of c.
3, 1447
Suppose -13 = -2*r + m, 6*r - 8*r = 5*m + 17. Suppose -2*h + 0*d + 3*d + 682 = 0, 1364 = r*h + 4*d. List the prime factors of h.
11, 31
Let j(u) = -18*u - 77. Let p be j(-25). Let a = -247 + p. Suppose -14*m - a = -17*m. List the prime factors of m.
2, 3, 7
Let c be ((-13)/(260/8))/((-1)/5). Suppose 0*n - 2 = n, c*n = -5*m + 16. Suppose -106 = -i + 5*l, 0*l + 424 = m*i + l. List the prime factors of i.
2, 53
Suppose 49*q + 1220 = 53*q - 2*x, 0 = q + 4*x - 341. List the prime factors of q.
3, 103
What are the prime factors of -3 + (5 - 10) + 5280?
2, 659
Let z = -12245 + 45084. What are the prime factors of z?
32839
Let y(l) = l**3 - 49*l**2 + 135*l - 83. List the prime factors of y(50).
89, 103
Let b = 31007 + 29898. What are the prime factors of b?
5, 13, 937
Suppose 8*d + 2556 = -10*d. Let l = d - -303. List the prime factors of l.
7, 23
Suppose -4*m + 11682 = -2*a + 4*a, a - 5859 = m. What are the prime factors of a?
3, 1951
Suppose 123*l - 162*l = -226278. List the prime factors of l.
2, 3, 967
Let y(u) = -163 - 138*u + 2*u**2 + 82*u - 3*u**2 + 86*u. List the prime factors of y(9).
2, 13
Suppose -3*g = 6*k - 3, 16*g = 15*g + k + 1. Suppose -51 = -4*a + 141. Let r = a - g. List the prime factors of r.
47
Let k = 67 - 60. Let g be (-366)/(-3) + (4 - k) + 4. Let l = g - 30. What are the prime factors of l?
3, 31
Suppose -2*q + w - 2023 + 142502 = 0, 10*q = -2*w + 702402. What are the prime factors of q?
2, 5, 439
Let d be (-874 - -151)/(3*(-1)/(-2)). Let g = d + 1175. What are the prime factors of g?
3, 7, 11
Let w(x) = x**2 - 8*x + 56. Let z(d) = d**2 + 4*d - 5. Let n be z(-5). Let a be w(n). Suppose 5*t = -5, -3*s - 2*t + a = -s. What are the prime factors of s?
29
Let v = -649 + 742. Let y(d) = -33*d + 4. Let r be y(-4). Let g = r - v. What are the prime factors of g?
43
Suppose -84796 = 11906*f - 11908*f. List the prime factors of f.
2, 17, 29, 43
Let a be -2 - 3/((-18)/(-6378)). Let m = a - -1507. List the prime factors of m.
2, 13, 17
Let l(h) = -108*h**3 - 3*h**2 + 2. Let g be l(-1). Let o = g + -105. Suppose -4*a + 837 = -5*q, 0 - 1005 = -5*a - o*q. List the prime factors of a.
7, 29
Let v(o) = 19*o**3 - 2*o**2 - 4*o + 1. Let s be v(4). Suppose -s + 94 = -5*x. Suppose 3*w - 2*r - 288 = -w, 3*w - r - x = 0. What are the prime factors of w?
71
Let a be (15/10)/(5/(-2) + 2). Let l be (-1 - -2) + 58 + a. Let q = -19 + l. What are the prime factors of q?
37
Suppose 97*b - 180*b = -20*b - 702261. What are the prime factors of b?
71, 157
Let d(j) = 19281*j**2 + 25*j + 26. What are the prime factors of d(-1)?
2, 31, 311
Let x(n) = n**2 + 20*n - 20. Let o be x(-20). Let k be o/6*(-18)/(-4). List the prime factors of 2 + k/9 + (-335)/(-3).
2, 7
Let l(g) = 66*g**2 + 23*g + 19. Let y(f) = -22*f**2 - 8*f - 7. Let k(u) = 3*l(u) + 8*y(u). What are the prime factors of k(-5)?
2, 263
Let o(d) be the third derivative of d**5/30 + 5*d**4/12 + 14*d**3/3 - 9*d**2 + 2. What are the prime factors of o(-6)?
2, 5
Let d be -4*(8043/(-6) - (-2)/(-4)). Suppose 3*r + d = 15*r. What are the prime factors of r?
3, 149
Let r = -36035 + 67256. What are the prime factors of r?
3, 3469
Let f(l) = -l**2 + 17*l - 16. Let w be 10 + (-2)/(-2)*-2. Let r be w/(-28) - (-144)/14. List the prime factors of f(r).
2, 3
Let l(y) = 5*y**2 + 7*y + 8. Suppose -110 = 6*n - 38. List the prime factors of l(n).
2, 7, 23
Suppose 10*t - t - 54 = 0. Let i(x) = x**3 - 4*x**2 + 23*x + 10. What are the prime factors of i(t)?
2, 5, 11
Suppose -6*r + 30439 = 3529. List the prime factors of r.
3, 5, 13, 23
Let q(b) = b**3 + 17*b**2 - 25*b + 12. Suppose -9*p - 47 = -6*p - i, -2*p = -2*i + 38. List the prime factors of q(p).
2, 5, 19
Suppose -12*i + 60 = -84. Suppose 0 = i*z - 174 - 4782. What are the prime factors of z?
7, 59
Let f be -6 - (-1)/((-4)/(-36)). Let u(m) = m + 16. Let w be u(-13). Suppose -f*v = -0*v + 4*h - 500, -w*v = h - 512. List the prime factors of v.
2, 43
Let x = -250 - -295. Suppose 0 = x*b - 36*b - 4248. What are the prime factors of b?
2, 59
What are the prime factors of 42325/30*(-14 + 20) - -8?
37, 229
Let h(v) = v**3 + 2*v**2 - 2*v - 10. Let a be (-2)/(((-2)/(-3))/(-3 - -1)). List the prime factors of h(a).
2, 7, 19
Let h(o) = 2*o + 47. Let f be h(-21). Suppose -f*n = -4*n. Suppose n*v = v - 94. What are the prime factors of v?
2, 47
Let w be -1*(-3)/(-3)*-9. Suppose 5*l - w*l + 16 = 0. List the prime factors of 474/24 - 3/l.
19
Let i = 923 - 405. Suppose 508*q - i*q = -10970. What are the prime factors of q?
1097
Suppose 12 = -25*w + 23*w. What are the prime factors of (0 - w) + 265/1?
271
Suppose 3*c = -7*c - 20. Let t be c/(-3)*1665/10. Suppose 5*k - 519 - t = 0. What are the prime factors of k?
2, 3, 7
Let h(q) = -q**2 + 10*q - 13. Let v be h(7). Let i(r) = 2*r**3 - 8*r**2 - 24*r - 2. What are the prime factors of i(v)?
2, 3, 53
Let u = -29901 + 44779. List the prime factors of u.
2, 43, 173
Let t = -91 + 989. Let h = -522 + t. What are the prime factors of h?
2, 47
Let h = 11620 + -6113. List the prime factors of h.
5507
What are the prime factors of 10717*8/42*(-10)/(-60)*45?
2, 5, 1531
What are the prime factors of ((-12)/(-1))/(-3)*(-4837)/14?
2, 691
Let q(h) = 54*h + 50. Suppose -3*o - 5*b = -1, 2*b - 8 + 23 = o. What are the prime factors of q(o)?
2, 107
Let x(t) = 5*t - 62. Let v be x(10). What are the prime factors of (124/v)/((-4)/120)?
2, 5, 31
Let z = 27 - 21. Suppose 0 = 8*a - 9*a + z. Suppose 0*j + 744 = a*j. List the prime factors of j.
2, 31
Suppose 3*o - 3*v = 7122, -5196 = -5*o + 10*v + 6689. List the prime factors of o.
2371
Let z be (26/4)/(-3*(-8)/3888). Let a = 1528 - z. List the prime factors of a.
5, 19
Let s = -192 - -194. Suppose -736 + 130 = -3*g + s*z, -3*g + 606 = z. List the prime factors of g.
2, 101
Let q(z) = -z + 19. Let c be q(14). Suppose -5*g + 7 = 4*w + 28, 9 = -c*g - w. What are the prime factors of 88/2 - (-2 - g - 1)?
2, 23
Let m(w) = 6383*w**2 + 17*w - 34. List the prime factors of m(2).
2, 13, 491
Let d be -3 + 7/((-28)/(-4924)). Suppose 14*k - d = 3882. List the prime factors of k.
5, 73
Let z(f) = 3*f + 30. Let v be z(-10). Suppose -3*m = u - 13, -4*u + 3*u - 5 = v. Suppose -1010 = -m*h - 218. List the prime factors of h.
2, 3, 11
Suppose 11*z - 52 - 3 = 0. Suppose 17 = z*o - 4*s, 2*o + 5*s - 7 = 13. Suppose o*r = 1562 - 157. What are the prime factors of r?
281
Let s be (-2*3)/((84/(-8))/7). Suppose 8*t - 2*i = 3*t + 1714, -s*t - 3*i + 1385 = 0. List the